[INFO] cloning repository https://github.com/BKreisel/Win32CoreUtils
[INFO] running `Command { std: "git" "-c" "credential.helper=" "-c" "credential.helper=/workspace/cargo-home/bin/git-credential-null" "clone" "--bare" "https://github.com/BKreisel/Win32CoreUtils" "/workspace/cache/git-repos/https%3A%2F%2Fgithub.com%2FBKreisel%2FWin32CoreUtils", kill_on_drop: false }`
[INFO] [stderr] Cloning into bare repository '/workspace/cache/git-repos/https%3A%2F%2Fgithub.com%2FBKreisel%2FWin32CoreUtils'...
[INFO] running `Command { std: "git" "rev-parse" "HEAD", kill_on_drop: false }`
[INFO] [stdout] a955abeba5e178aaf8899f7d75c01b26a16065b2
[INFO] checking BKreisel/Win32CoreUtils against master#9610dfe5a9a731ced1ea4923ecbd0c57fe367898 for beta-170-4
[INFO] running `Command { std: "git" "clone" "/workspace/cache/git-repos/https%3A%2F%2Fgithub.com%2FBKreisel%2FWin32CoreUtils" "/workspace/builds/worker-6-tc1/source", kill_on_drop: false }`
[INFO] [stderr] Cloning into '/workspace/builds/worker-6-tc1/source'...
[INFO] [stderr] done.
[INFO] validating manifest of git repo https://github.com/BKreisel/Win32CoreUtils on toolchain 9610dfe5a9a731ced1ea4923ecbd0c57fe367898
[INFO] running `Command { std: CARGO_HOME="/workspace/cargo-home" RUSTUP_HOME="/workspace/rustup-home" "/workspace/cargo-home/bin/cargo" "+9610dfe5a9a731ced1ea4923ecbd0c57fe367898" "metadata" "--manifest-path" "Cargo.toml" "--no-deps", kill_on_drop: false }`
[INFO] started tweaking git repo https://github.com/BKreisel/Win32CoreUtils
[INFO] finished tweaking git repo https://github.com/BKreisel/Win32CoreUtils
[INFO] tweaked toml for git repo https://github.com/BKreisel/Win32CoreUtils written to /workspace/builds/worker-6-tc1/source/Cargo.toml
[INFO] running `Command { std: CARGO_HOME="/workspace/cargo-home" RUSTUP_HOME="/workspace/rustup-home" __CARGO_TEST_CHANNEL_OVERRIDE_DO_NOT_USE_THIS="nightly" "/workspace/cargo-home/bin/cargo" "+9610dfe5a9a731ced1ea4923ecbd0c57fe367898" "generate-lockfile" "--manifest-path" "Cargo.toml" "-Zno-index-update", kill_on_drop: false }`
[INFO] running `Command { std: CARGO_HOME="/workspace/cargo-home" RUSTUP_HOME="/workspace/rustup-home" "/workspace/cargo-home/bin/cargo" "+9610dfe5a9a731ced1ea4923ecbd0c57fe367898" "fetch" "--manifest-path" "Cargo.toml", kill_on_drop: false }`
[INFO] running `Command { std: "docker" "create" "-v" "/var/lib/crater-agent-workspace/builds/worker-6-tc1/target:/opt/rustwide/target:rw,Z" "-v" "/var/lib/crater-agent-workspace/builds/worker-6-tc1/source:/opt/rustwide/workdir:ro,Z" "-v" "/var/lib/crater-agent-workspace/cargo-home:/opt/rustwide/cargo-home:ro,Z" "-v" "/var/lib/crater-agent-workspace/rustup-home:/opt/rustwide/rustup-home:ro,Z" "-e" "SOURCE_DIR=/opt/rustwide/workdir" "-e" "CARGO_TARGET_DIR=/opt/rustwide/target" "-e" "CARGO_HOME=/opt/rustwide/cargo-home" "-e" "RUSTUP_HOME=/opt/rustwide/rustup-home" "-w" "/opt/rustwide/workdir" "-m" "1610612736" "--user" "0:0" "--network" "none" "ghcr.io/rust-lang/crates-build-env/linux@sha256:19e73879b68f455e41552ea35293514db52ea292d993f571636dbffedb77a1ee" "/opt/rustwide/cargo-home/bin/cargo" "+9610dfe5a9a731ced1ea4923ecbd0c57fe367898" "metadata" "--no-deps" "--format-version=1", kill_on_drop: false }`
[INFO] [stdout] c4937c8f1071c90dbf2fa6a957da91eb927a38bef21fa645cfbfddcc5ffb483c
[INFO] running `Command { std: "docker" "start" "-a" "c4937c8f1071c90dbf2fa6a957da91eb927a38bef21fa645cfbfddcc5ffb483c", kill_on_drop: false }`
[INFO] running `Command { std: "docker" "inspect" "c4937c8f1071c90dbf2fa6a957da91eb927a38bef21fa645cfbfddcc5ffb483c", kill_on_drop: false }`
[INFO] running `Command { std: "docker" "rm" "-f" "c4937c8f1071c90dbf2fa6a957da91eb927a38bef21fa645cfbfddcc5ffb483c", kill_on_drop: false }`
[INFO] [stdout] c4937c8f1071c90dbf2fa6a957da91eb927a38bef21fa645cfbfddcc5ffb483c
[INFO] running `Command { std: "docker" "create" "-v" "/var/lib/crater-agent-workspace/builds/worker-6-tc1/target:/opt/rustwide/target:rw,Z" "-v" "/var/lib/crater-agent-workspace/builds/worker-6-tc1/source:/opt/rustwide/workdir:ro,Z" "-v" "/var/lib/crater-agent-workspace/cargo-home:/opt/rustwide/cargo-home:ro,Z" "-v" "/var/lib/crater-agent-workspace/rustup-home:/opt/rustwide/rustup-home:ro,Z" "-e" "SOURCE_DIR=/opt/rustwide/workdir" "-e" "CARGO_TARGET_DIR=/opt/rustwide/target" "-e" "CARGO_INCREMENTAL=0" "-e" "RUST_BACKTRACE=full" "-e" "RUSTFLAGS=--cap-lints=forbid" "-e" "RUSTDOCFLAGS=--cap-lints=forbid" "-e" "CARGO_HOME=/opt/rustwide/cargo-home" "-e" "RUSTUP_HOME=/opt/rustwide/rustup-home" "-w" "/opt/rustwide/workdir" "-m" "1610612736" "--user" "0:0" "--network" "none" "ghcr.io/rust-lang/crates-build-env/linux@sha256:19e73879b68f455e41552ea35293514db52ea292d993f571636dbffedb77a1ee" "/opt/rustwide/cargo-home/bin/cargo" "+9610dfe5a9a731ced1ea4923ecbd0c57fe367898" "check" "--frozen" "--all" "--all-targets" "--message-format=json", kill_on_drop: false }`
[INFO] [stdout] 9481433f9c59ba1221c3b5fc97b9690b25d9f1aec03e2388d1f4db81b014b396
[INFO] running `Command { std: "docker" "start" "-a" "9481433f9c59ba1221c3b5fc97b9690b25d9f1aec03e2388d1f4db81b014b396", kill_on_drop: false }`
[INFO] [stderr]     Checking time v0.1.45
[INFO] [stderr]     Checking chrono v0.4.26
[INFO] [stderr]     Checking coreutils v0.1.0 (/opt/rustwide/workdir)
[INFO] [stdout] error[E0463]: can't find crate for `winapi`
[INFO] [stdout]   --> src/bin/ls/main.rs:14:1
[INFO] [stdout]    |
[INFO] [stdout] 14 | extern crate winapi;
[INFO] [stdout]    | ^^^^^^^^^^^^^^^^^^^^ can't find crate
[INFO] [stdout] 
[INFO] [stdout] 
[INFO] [stdout] error[E0463]: can't find crate for `winapi`
[INFO] [stdout]   --> src/bin/ls/main.rs:14:1
[INFO] [stdout]    |
[INFO] [stdout] 14 | extern crate winapi;
[INFO] [stdout]    | ^^^^^^^^^^^^^^^^^^^^ can't find crate
[INFO] [stdout] 
[INFO] [stdout] 
[INFO] [stdout] error[E0433]: failed to resolve: could not find `windows` in `os`
[INFO] [stdout]   --> src/bin/ls/main.rs:10:14
[INFO] [stdout]    |
[INFO] [stdout] 10 | use std::os::windows::ffi::OsStrExt;
[INFO] [stdout]    |              ^^^^^^^ could not find `windows` in `os`
[INFO] [stdout] 
[INFO] [stdout] 
[INFO] [stdout] error[E0433]: failed to resolve: could not find `windows` in `os`
[INFO] [stdout]   --> src/bin/ls/main.rs:11:14
[INFO] [stdout]    |
[INFO] [stdout] 11 | use std::os::windows::prelude::*;
[INFO] [stdout]    |              ^^^^^^^ could not find `windows` in `os`
[INFO] [stdout] 
[INFO] [stdout] 
[INFO] [stdout] error[E0433]: failed to resolve: could not find `windows` in `os`
[INFO] [stdout]   --> src/bin/ls/main.rs:10:14
[INFO] [stdout]    |
[INFO] [stdout] 10 | use std::os::windows::ffi::OsStrExt;
[INFO] [stdout]    |              ^^^^^^^ could not find `windows` in `os`
[INFO] [stdout] 
[INFO] [stdout] 
[INFO] [stdout] error[E0433]: failed to resolve: could not find `windows` in `os`
[INFO] [stdout]   --> src/bin/ls/main.rs:11:14
[INFO] [stdout]    |
[INFO] [stdout] 11 | use std::os::windows::prelude::*;
[INFO] [stdout]    |              ^^^^^^^ could not find `windows` in `os`
[INFO] [stdout] 
[INFO] [stdout] 
[INFO] [stdout] error[E0599]: no method named `encode_wide` found for reference `&OsStr` in the current scope
[INFO] [stdout]   --> src/bin/ls/main.rs:74:10
[INFO] [stdout]    |
[INFO] [stdout] 73 |       let wide_path: Vec<u16> = OsStr::new(&entry.path())
[INFO] [stdout]    |  _______________________________-
[INFO] [stdout] 74 | |         .encode_wide()
[INFO] [stdout]    | |         -^^^^^^^^^^^ method not found in `&OsStr`
[INFO] [stdout]    | |_________|
[INFO] [stdout]    | 
[INFO] [stdout] 
[INFO] [stdout] 
[INFO] [stdout] error[E0599]: no function or associated item named `from_wide` found for struct `OsString` in the current scope
[INFO] [stdout]    --> src/bin/ls/main.rs:140:34
[INFO] [stdout]     |
[INFO] [stdout] 140 |     let account_name = OsString::from_wide(&account_name[..account_size]);
[INFO] [stdout]     |                                  ^^^^^^^^^ function or associated item not found in `OsString`
[INFO] [stdout] 
[INFO] [stdout] 
[INFO] [stdout] error[E0599]: no function or associated item named `from_wide` found for struct `OsString` in the current scope
[INFO] [stdout]    --> src/bin/ls/main.rs:141:33
[INFO] [stdout]     |
[INFO] [stdout] 141 |     let domain_name = OsString::from_wide(&domain_name[..domain_size]);
[INFO] [stdout]     |                                 ^^^^^^^^^ function or associated item not found in `OsString`
[INFO] [stdout] 
[INFO] [stdout] 
[INFO] [stdout] error: aborting due to 6 previous errors
[INFO] [stdout] 
[INFO] [stdout] 
[INFO] [stdout] Some errors have detailed explanations: E0433, E0463, E0599.
[INFO] [stdout] 
[INFO] [stdout] For more information about an error, try `rustc --explain E0433`.
[INFO] [stdout] 
[INFO] [stdout] error[E0599]: no method named `encode_wide` found for reference `&OsStr` in the current scope
[INFO] [stdout]   --> src/bin/ls/main.rs:74:10
[INFO] [stdout]    |
[INFO] [stdout] 73 |       let wide_path: Vec<u16> = OsStr::new(&entry.path())
[INFO] [stdout]    |  _______________________________-
[INFO] [stdout] 74 | |         .encode_wide()
[INFO] [stdout]    | |         -^^^^^^^^^^^ method not found in `&OsStr`
[INFO] [stdout]    | |_________|
[INFO] [stdout]    | 
[INFO] [stdout] 
[INFO] [stdout] 
[INFO] [stderr] error: could not compile `coreutils` (bin "ls") due to 7 previous errors
[INFO] [stderr] warning: build failed, waiting for other jobs to finish...
[INFO] [stdout] error[E0599]: no function or associated item named `from_wide` found for struct `OsString` in the current scope
[INFO] [stdout]    --> src/bin/ls/main.rs:140:34
[INFO] [stdout]     |
[INFO] [stdout] 140 |     let account_name = OsString::from_wide(&account_name[..account_size]);
[INFO] [stdout]     |                                  ^^^^^^^^^ function or associated item not found in `OsString`
[INFO] [stdout] 
[INFO] [stdout] 
[INFO] [stdout] error[E0599]: no function or associated item named `from_wide` found for struct `OsString` in the current scope
[INFO] [stdout]    --> src/bin/ls/main.rs:141:33
[INFO] [stdout]     |
[INFO] [stdout] 141 |     let domain_name = OsString::from_wide(&domain_name[..domain_size]);
[INFO] [stdout]     |                                 ^^^^^^^^^ function or associated item not found in `OsString`
[INFO] [stdout] 
[INFO] [stdout] 
[INFO] [stdout] error: aborting due to 6 previous errors
[INFO] [stdout] 
[INFO] [stdout] 
[INFO] [stdout] Some errors have detailed explanations: E0433, E0463, E0599.
[INFO] [stdout] 
[INFO] [stdout] For more information about an error, try `rustc --explain E0433`.
[INFO] [stdout] 
[INFO] [stderr] error: could not compile `coreutils` (bin "ls" test) due to 7 previous errors
[INFO] [stdout] warning: panic message is not a string literal
[INFO] [stdout]   --> src/bin/cat/main.rs:84:30
[INFO] [stdout]    |
[INFO] [stdout] 84 |             Err(e) => panic!(e),
[INFO] [stdout]    |                              ^
[INFO] [stdout]    |
[INFO] [stdout]    = note: this usage of `panic!()` is deprecated; it will be a hard error in Rust 2021
[INFO] [stdout]    = note: for more information, see <https://doc.rust-lang.org/nightly/edition-guide/rust-2021/panic-macro-consistency.html>
[INFO] [stdout]    = note: `#[warn(non_fmt_panics)]` on by default
[INFO] [stdout] help: add a "{}" format string to `Display` the message
[INFO] [stdout]    |
[INFO] [stdout] 84 |             Err(e) => panic!("{}", e),
[INFO] [stdout]    |                              +++++
[INFO] [stdout] 
[INFO] [stdout] 
[INFO] [stdout] warning: panic message is not a string literal
[INFO] [stdout]   --> src/bin/cat/main.rs:94:30
[INFO] [stdout]    |
[INFO] [stdout] 94 |             Err(e) => panic!(e),
[INFO] [stdout]    |                              ^
[INFO] [stdout]    |
[INFO] [stdout]    = note: this usage of `panic!()` is deprecated; it will be a hard error in Rust 2021
[INFO] [stdout]    = note: for more information, see <https://doc.rust-lang.org/nightly/edition-guide/rust-2021/panic-macro-consistency.html>
[INFO] [stdout] help: add a "{}" format string to `Display` the message
[INFO] [stdout]    |
[INFO] [stdout] 94 |             Err(e) => panic!("{}", e),
[INFO] [stdout]    |                              +++++
[INFO] [stdout] 
[INFO] [stdout] 
[INFO] [stdout] warning: 2 warnings emitted
[INFO] [stdout] 
[INFO] [stdout] 
[INFO] running `Command { std: "docker" "inspect" "9481433f9c59ba1221c3b5fc97b9690b25d9f1aec03e2388d1f4db81b014b396", kill_on_drop: false }`
[INFO] running `Command { std: "docker" "rm" "-f" "9481433f9c59ba1221c3b5fc97b9690b25d9f1aec03e2388d1f4db81b014b396", kill_on_drop: false }`
[INFO] [stdout] 9481433f9c59ba1221c3b5fc97b9690b25d9f1aec03e2388d1f4db81b014b396
